{"id":860,"date":"2022-10-13T14:32:01","date_gmt":"2022-10-13T12:32:01","guid":{"rendered":"https:\/\/cressy.ch\/?page_id=860"},"modified":"2022-10-13T15:10:58","modified_gmt":"2022-10-13T13:10:58","slug":"bienvenue-sur-le-site-de-lahc","status":"publish","type":"page","link":"https:\/\/cressy.ch\/index.php\/bienvenue-sur-le-site-de-lahc\/","title":{"rendered":"Le BAL des Monstres"},"content":{"rendered":"\n<p class=\"has-pale-pink-background-color has-background\">Nous avons le plaisir de vous conviez \u00e0 notre premier BAL DES MONSTRES<\/p>\n\n\n\n<p class=\"has-pale-pink-background-color has-background\"><strong>le 5 novembre 2022<\/strong> de 18h \u00e0 23.30<\/p>\n\n\n\n<p class=\"has-pale-pink-background-color has-background has-medium-font-size\">A Cressy, \u00e0 l&#8217;aula de l&#8217;\u00e9cole de Cressy.<\/p>\n","protected":false},"excerpt":{"rendered":"<p>Nous avons le plaisir de vous conviez \u00e0 notre premier BAL DES MONSTRES le 5 novembre 2022 de 18h \u00e0 23.30 A Cressy, \u00e0 l&#8217;aula de l&#8217;\u00e9cole de Cressy.<\/p>\n","protected":false},"author":5,"featured_media":0,"parent":0,"menu_order":0,"comment_status":"closed","ping_status":"closed","template":"","meta":{"jetpack_post_was_ever_published":false,"footnotes":""},"jetpack_sharing_enabled":true,"jetpack_shortlink":"https:\/\/wp.me\/P7Ajlu-dS","jetpack-related-posts":[{"id":928,"url":"https:\/\/cressy.ch\/index.php\/le-bal-du-printemps-cressy\/","url_meta":{"origin":860,"position":0},"title":"Le Bal du Printemps, samedi 23 mars 2024","author":"Nad\u00e8ge Pittet","date":"14 mars 2024","format":false,"excerpt":"","rel":"","context":"Article similaire","block_context":{"text":"Article similaire","link":""},"img":{"alt_text":"","src":"https:\/\/i0.wp.com\/cressy.ch\/wp-content\/uploads\/2024\/03\/affiche-en-jpg.jpg?resize=350%2C200&ssl=1","width":350,"height":200,"srcset":"https:\/\/i0.wp.com\/cressy.ch\/wp-content\/uploads\/2024\/03\/affiche-en-jpg.jpg?resize=350%2C200&ssl=1 1x, https:\/\/i0.wp.com\/cressy.ch\/wp-content\/uploads\/2024\/03\/affiche-en-jpg.jpg?resize=525%2C300&ssl=1 1.5x, https:\/\/i0.wp.com\/cressy.ch\/wp-content\/uploads\/2024\/03\/affiche-en-jpg.jpg?resize=700%2C400&ssl=1 2x"},"classes":[]},{"id":954,"url":"https:\/\/cressy.ch\/index.php\/bal-denfer-et-sa-salle-de-lhorreur\/","url_meta":{"origin":860,"position":1},"title":"Le Bal d&#8217;Enfer et sa salle de l&#8217;horreur !!!!!!     Venez si vous osez.","author":"Nad\u00e8ge Pittet","date":"8 octobre 2024","format":false,"excerpt":"Le samedi 2 novembre 2024","rel":"","context":"Article similaire","block_context":{"text":"Article similaire","link":""},"img":{"alt_text":"","src":"https:\/\/i0.wp.com\/cressy.ch\/wp-content\/uploads\/2024\/10\/Flyers-bal-denfer.png?resize=350%2C200&ssl=1","width":350,"height":200,"srcset":"https:\/\/i0.wp.com\/cressy.ch\/wp-content\/uploads\/2024\/10\/Flyers-bal-denfer.png?resize=350%2C200&ssl=1 1x, https:\/\/i0.wp.com\/cressy.ch\/wp-content\/uploads\/2024\/10\/Flyers-bal-denfer.png?resize=525%2C300&ssl=1 1.5x, https:\/\/i0.wp.com\/cressy.ch\/wp-content\/uploads\/2024\/10\/Flyers-bal-denfer.png?resize=700%2C400&ssl=1 2x, https:\/\/i0.wp.com\/cressy.ch\/wp-content\/uploads\/2024\/10\/Flyers-bal-denfer.png?resize=1050%2C600&ssl=1 3x, https:\/\/i0.wp.com\/cressy.ch\/wp-content\/uploads\/2024\/10\/Flyers-bal-denfer.png?resize=1400%2C800&ssl=1 4x"},"classes":[]},{"id":35,"url":"https:\/\/cressy.ch\/index.php\/historique\/","url_meta":{"origin":860,"position":2},"title":"Historique","author":"chperetti","date":"11 mai 2016","format":false,"excerpt":"L'Association des Habitants de Cressy a \u00e9t\u00e9 cr\u00e9\u00e9e le 3 mai 2005. Une quinzaine de personnes oeuvraient alors dans un groupe appel\u00e9 GERA (groupe d'\u00e9changes, de r\u00e9flexions et d'actions), qui a men\u00e9 vers une premi\u00e8re f\u00eate de quartier en juin 2004. Les membres du GERA ont alors d\u00e9cid\u00e9 de former\u2026","rel":"","context":"Article similaire","block_context":{"text":"Article similaire","link":""},"img":{"alt_text":"","src":"","width":0,"height":0},"classes":[]},{"id":727,"url":"https:\/\/cressy.ch\/index.php\/inscription-vide-greniers-cressy\/","url_meta":{"origin":860,"position":3},"title":"INSCRIPTION VIDE-GRENIERS CRESSY 2024","author":"Nad\u00e8ge Pittet","date":"25 mars 2022","format":false,"excerpt":"IBAN CH02 0900 0000 1747 3678 3 ou le compte postal de l\u2019association : 17-473678-3","rel":"","context":"Article similaire","block_context":{"text":"Article similaire","link":""},"img":{"alt_text":"","src":"https:\/\/i0.wp.com\/cressy.ch\/wp-content\/uploads\/2024\/03\/Vide-grenier-2024_A4-1.pdf?resize=350%2C200&ssl=1","width":350,"height":200},"classes":[]},{"id":121,"url":"https:\/\/cressy.ch\/index.php\/historique\/2011-2\/fete-du-sapin-2011\/","url_meta":{"origin":860,"position":4},"title":"F\u00eate du sapin 2011","author":"chperetti","date":"13 mai 2016","format":false,"excerpt":"\u00a0 cliquez\u00a0\u00a0 ici\u00a0\u00a0 pour voir toutes\u00a0les photos\u00a0\u00a0\u00a0\u00a0\u00a0\u00a0\u00a0\u00a0\u00a0\u00a0\u00a0\u00a0\u00a0\u00a0\u00a0\u00a0\u00a0\u00a0\u00a0\u00a0\u00a0\u00a0\u00a0\u00a0\u00a0\u00a0\u00a0\u00a0\u00a0\u00a0\u00a0\u00a0\u00a0\u00a0\u00a0\u00a0\u00a0\u00a0\u00a0\u00a0\u00a0 La F\u00eate du Sapin \u00e0 Cressy Les lutins de l\u2019AHC (association des habitants de Cressy) se sont \u00e9vertu\u00e9s \u00e0 cr\u00e9er une jolie ambiance de pr\u00e9-f\u00eate pour la F\u00eate du Sapin \u00e0 Cressy, le dimanche 18 d\u00e9cembre. Au vu du monde pr\u00e9sent et malgr\u00e9\u2026","rel":"","context":"Article similaire","block_context":{"text":"Article similaire","link":""},"img":{"alt_text":"","src":"","width":0,"height":0},"classes":[]},{"id":53,"url":"https:\/\/cressy.ch\/index.php\/historique\/2016-2\/vide-crenier-de-cressy-2016\/","url_meta":{"origin":860,"position":5},"title":"vide crenier de Cressy 2016","author":"chperetti","date":"11 mai 2016","format":false,"excerpt":"Les fourmis orange se sont d\u00e9men\u00e9es comme de beaux diables, pour transformer le vide-grenier 2016 en une belle r\u00e9ussite. Les t\u00e2ches ont \u00e9t\u00e9 multiples et vari\u00e9es, depuis plusieurs mois d\u00e9j\u00e0, entre passer la commande du mat\u00e9riel (tables, bancs, retricycles, panneaux d\u2019affichage et vaisselle compostable), faire la demande des locaux (pr\u00e9au,\u2026","rel":"","context":"Article similaire","block_context":{"text":"Article similaire","link":""},"img":{"alt_text":"","src":"","width":0,"height":0},"classes":[]}],"_links":{"self":[{"href":"https:\/\/cressy.ch\/index.php\/wp-json\/wp\/v2\/pages\/860"}],"collection":[{"href":"https:\/\/cressy.ch\/index.php\/wp-json\/wp\/v2\/pages"}],"about":[{"href":"https:\/\/cressy.ch\/index.php\/wp-json\/wp\/v2\/types\/page"}],"author":[{"embeddable":true,"href":"https:\/\/cressy.ch\/index.php\/wp-json\/wp\/v2\/users\/5"}],"replies":[{"embeddable":true,"href":"https:\/\/cressy.ch\/index.php\/wp-json\/wp\/v2\/comments?post=860"}],"version-history":[{"count":4,"href":"https:\/\/cressy.ch\/index.php\/wp-json\/wp\/v2\/pages\/860\/revisions"}],"predecessor-version":[{"id":885,"href":"https:\/\/cressy.ch\/index.php\/wp-json\/wp\/v2\/pages\/860\/revisions\/885"}],"wp:attachment":[{"href":"https:\/\/cressy.ch\/index.php\/wp-json\/wp\/v2\/media?parent=860"}],"curies":[{"name":"wp","href":"https:\/\/api.w.org\/{rel}","templated":true}]}}

<p class="has-pale-pink-background-color has-background">Nous avons le plaisir de vous conviez à notre premier BAL DES MONSTRES</p>



<p class="has-pale-pink-background-color has-background"><strong>le 5 novembre 2022</strong> de 18h à 23.30</p>



<p class="has-pale-pink-background-color has-background has-medium-font-size">A Cressy, à l&#8217;aula de l&#8217;école de Cressy.</p>

<p>Nous avons le plaisir de vous conviez à notre premier BAL DES MONSTRES le 5 novembre 2022 de 18h à 23.30 A Cressy, à l&#8217;aula de l&#8217;école de Cressy.</p>

Nadège Pittet

L'Association des Habitants de Cressy a été créée le 3 mai 2005. Une quinzaine de personnes oeuvraient alors dans un groupe appelé GERA (groupe d'échanges, de réflexions et d'actions), qui a mené vers une première fête de quartier en juin 2004. Les membres du GERA ont alors décidé de former…

Fête du sapin 2011

cliquez   ici   pour voir toutes les photos                                          La Fête du Sapin à Cressy Les lutins de l’AHC (association des habitants de Cressy) se sont évertués à créer une jolie ambiance de pré-fête pour la Fête du Sapin à Cressy, le dimanche 18 décembre. Au vu du monde présent et malgré…

Les fourmis orange se sont démenées comme de beaux diables, pour transformer le vide-grenier 2016 en une belle réussite. Les tâches ont été multiples et variées, depuis plusieurs mois déjà, entre passer la commande du matériel (tables, bancs, retricycles, panneaux d’affichage et vaisselle compostable), faire la demande des locaux (préau,…
