{"id":727,"date":"2022-03-25T15:51:03","date_gmt":"2022-03-25T14:51:03","guid":{"rendered":"https:\/\/cressy.ch\/?page_id=727"},"modified":"2024-03-25T21:58:20","modified_gmt":"2024-03-25T20:58:20","slug":"inscription-vide-greniers-cressy","status":"publish","type":"page","link":"https:\/\/cressy.ch\/index.php\/inscription-vide-greniers-cressy\/","title":{"rendered":"INSCRIPTION VIDE-GRENIERS CRESSY 2024"},"content":{"rendered":"\n<div class=\"wpcf7 no-js\" id=\"wpcf7-f722-o1\" lang=\"fr-FR\" dir=\"ltr\">\n<div class=\"screen-reader-response\"><p role=\"status\" aria-live=\"polite\" aria-atomic=\"true\"><\/p> <ul><\/ul><\/div>\n<form action=\"\/index.php\/wp-json\/wp\/v2\/pages\/727#wpcf7-f722-o1\" method=\"post\" class=\"wpcf7-form init\" aria-label=\"Formulaire de contact\" novalidate=\"novalidate\" data-status=\"init\">\n<div style=\"display: none;\">\n<input type=\"hidden\" name=\"_wpcf7\" value=\"722\" \/>\n<input type=\"hidden\" name=\"_wpcf7_version\" value=\"5.9.8\" \/>\n<input type=\"hidden\" name=\"_wpcf7_locale\" value=\"fr_FR\" \/>\n<input type=\"hidden\" name=\"_wpcf7_unit_tag\" value=\"wpcf7-f722-o1\" \/>\n<input type=\"hidden\" name=\"_wpcf7_container_post\" value=\"0\" \/>\n<input type=\"hidden\" name=\"_wpcf7_posted_data_hash\" value=\"\" \/>\n<\/div>\n<p>Le Vide-Greniers de Cressy aura lieu le DIMANCHE 5 MAI 2024 de 9h30 \u00e0 17h30<br \/>\nVous trouverez sur place petites restaurations et rafra\u00eechissements.\n<\/p>\n<p>L'inscription faites via notre formulaire de contact et le paiement dans les 5 jours,<br \/>\nvous garantira une table et un banc. En cas de non-paiement<br \/>\nlors du d\u00e9lai invoqu\u00e9 nous remettrons la table et le banc \u00e0 disposition.\n<\/p>\n<p>Le prix :<br \/>\nPour les membres Chf 20.-- incluant la caution de chf 5.-- pour la table<br \/>\nqui vous sera rendu d\u00e8s le retour de celle-ci.\n<\/p>\n<p>Pour les non-membres Chf 25.-- incluant la caution de chf 5.-- pour la table<br \/>\nqui vous sera rendu d\u00e8s le retour de celle-ci.\n<\/p>\n<p>Vous pourrez venir pour vous installer d\u00e8s 09h30.\n<\/p>\n<p>IBAN CH02 0900 0000 1747 3678 3 ou le compte postal de l\u2019association : 17-473678-3\n<\/p>\n<p>https:\/\/cressy.ch\/wp-content\/uploads\/2022\/03\/Affiche-vide-grenier-2022-1.pdf\n<\/p>\n<p><label> Votre nom pr\u00e9nom<br \/>\n<span class=\"wpcf7-form-control-wrap\" data-name=\"your-name\"><input size=\"40\" maxlength=\"400\" class=\"wpcf7-form-control wpcf7-text wpcf7-validates-as-required\" aria-required=\"true\" aria-invalid=\"false\" value=\"\" type=\"text\" name=\"your-name\" \/><\/span> <\/label>\n<\/p>\n<p><label> Votre e-mail<br \/>\n<span class=\"wpcf7-form-control-wrap\" data-name=\"your-email\"><input size=\"40\" maxlength=\"400\" class=\"wpcf7-form-control wpcf7-email wpcf7-validates-as-required wpcf7-text wpcf7-validates-as-email\" aria-required=\"true\" aria-invalid=\"false\" value=\"\" type=\"email\" name=\"your-email\" \/><\/span> <\/label>\n<\/p>\n<p><label> Votre t\u00e9l\u00e9phone<br \/>\n<span class=\"wpcf7-form-control-wrap\" data-name=\"tel-31\"><input size=\"40\" maxlength=\"400\" class=\"wpcf7-form-control wpcf7-tel wpcf7-validates-as-required wpcf7-text wpcf7-validates-as-tel\" aria-required=\"true\" aria-invalid=\"false\" value=\"\" type=\"tel\" name=\"tel-31\" \/><\/span> <\/label>\n<\/p>\n<p><label> Nombre de table<br \/>\n<span class=\"wpcf7-form-control-wrap\" data-name=\"number-619\"><input class=\"wpcf7-form-control wpcf7-number wpcf7-validates-as-required wpcf7-validates-as-number\" aria-required=\"true\" aria-invalid=\"false\" value=\"\" type=\"number\" name=\"number-619\" \/><\/span> <\/label>\n<\/p>\n<p><label> Votre message (facultatif)<br \/>\n<span class=\"wpcf7-form-control-wrap\" data-name=\"your-message\"><textarea cols=\"40\" rows=\"10\" maxlength=\"2000\" class=\"wpcf7-form-control wpcf7-textarea\" aria-invalid=\"false\" name=\"your-message\"><\/textarea><\/span> <\/label>\n<\/p>\n<p><input class=\"wpcf7-form-control wpcf7-submit has-spinner\" type=\"submit\" value=\"Envoyer\" \/>\n<\/p><div class=\"wpcf7-response-output\" aria-hidden=\"true\"><\/div>\n<\/form>\n<\/div>\n\n\n\n\n<figure data-carousel-extra='{\"blog_id\":1,\"permalink\":\"https:\\\/\\\/cressy.ch\\\/index.php\\\/inscription-vide-greniers-cressy\\\/\"}'  class=\"wp-block-gallery has-nested-images columns-default is-cropped wp-block-gallery-1 is-layout-flex wp-block-gallery-is-layout-flex\">\n<figure class=\"wp-block-image size-full\"><img loading=\"lazy\" decoding=\"async\" width=\"800\" height=\"1132\" data-id=\"934\" src=\"https:\/\/i0.wp.com\/cressy.ch\/wp-content\/uploads\/2024\/03\/Vide-grenier-2024_A4-1-pdf.jpg?resize=800%2C1132&#038;ssl=1\" alt=\"\" class=\"wp-image-934\" data-recalc-dims=\"1\"\/><\/figure>\n<\/figure>\n\n\n\n<p>IBAN CH02 0900 0000 1747 3678 3 ou le compte postal de l\u2019association : 17-473678-3<\/p>\n","protected":false},"excerpt":{"rendered":"<p>IBAN CH02 0900 0000 1747 3678 3 ou le compte postal de l\u2019association : 17-473678-3<\/p>\n","protected":false},"author":5,"featured_media":0,"parent":0,"menu_order":1,"comment_status":"open","ping_status":"closed","template":"","meta":{"jetpack_post_was_ever_published":true,"footnotes":""},"jetpack_sharing_enabled":true,"jetpack_shortlink":"https:\/\/wp.me\/P7Ajlu-bJ","jetpack-related-posts":[{"id":542,"url":"https:\/\/cressy.ch\/index.php\/vide-grenier-2019\/","url_meta":{"origin":727,"position":0},"title":"Vide Greniers 2019","author":"chperetti","date":"1 f\u00e9vrier 2019","format":false,"excerpt":"","rel":"","context":"Article similaire","block_context":{"text":"Article similaire","link":""},"img":{"alt_text":"","src":"https:\/\/i0.wp.com\/www.cressy.ch\/wp-content\/uploads\/2019\/02\/videGrenier2019.jpg?resize=350%2C200","width":350,"height":200,"srcset":"https:\/\/i0.wp.com\/www.cressy.ch\/wp-content\/uploads\/2019\/02\/videGrenier2019.jpg?resize=350%2C200 1x, https:\/\/i0.wp.com\/www.cressy.ch\/wp-content\/uploads\/2019\/02\/videGrenier2019.jpg?resize=525%2C300 1.5x"},"classes":[]},{"id":95,"url":"https:\/\/cressy.ch\/index.php\/historique\/2014-2\/vide-greniers-2014\/","url_meta":{"origin":727,"position":1},"title":"vide greniers 2014","author":"chperetti","date":"13 mai 2016","format":false,"excerpt":"Quelle journ\u00e9e ! Le 13 avril, les fourmis orange de l\u2019AHC se sont r\u00e9veill\u00e9es sous l\u2019incroyable luminosit\u00e9 provoqu\u00e9e par le soleil matinal. Elles sont soulag\u00e9es, car elles voyaient d\u00e9j\u00e0 le pr\u00e9au couvert de b\u00e2ches plastiques sous lesquelles les affaires des exposants seraient cach\u00e9es de la vue des visiteurs \u00e0 cause\u2026","rel":"","context":"Article similaire","block_context":{"text":"Article similaire","link":""},"img":{"alt_text":"","src":"","width":0,"height":0},"classes":[]},{"id":117,"url":"https:\/\/cressy.ch\/index.php\/historique\/2012-2\/vide-greniers-2012\/","url_meta":{"origin":727,"position":2},"title":"Vide greniers 2012","author":"chperetti","date":"13 mai 2016","format":false,"excerpt":"L'ouverture du \"Vide-greniers\" de Cressy approche et les fourmis orange de l\u2019AHC sont en pleine \u00e9bullition, surtout celle qui s\u2019occupe de la r\u00e9servation. Entre t\u00e9l\u00e9phones et mails, elle en perd son latin\u00a0! Elle jongle (une vraie virtuose) avec ces multiples listes\u00a0: liste d\u2019adresses, liste des membres AHC (car ils ont\u2026","rel":"","context":"Article similaire","block_context":{"text":"Article similaire","link":""},"img":{"alt_text":"","src":"","width":0,"height":0},"classes":[]},{"id":37,"url":"https:\/\/cressy.ch\/index.php\/historique\/2016-2\/","url_meta":{"origin":727,"position":3},"title":"2016","author":"chperetti","date":"11 mai 2016","format":false,"excerpt":"\u00a0 La matin\u00e9e de nettoyage La f\u00eate de Cressy Le vide grenier \u00a0","rel":"","context":"Article similaire","block_context":{"text":"Article similaire","link":""},"img":{"alt_text":"","src":"","width":0,"height":0},"classes":[]},{"id":455,"url":"https:\/\/cressy.ch\/index.php\/historique\/2017-2\/","url_meta":{"origin":727,"position":4},"title":"2017","author":"chperetti","date":"3 novembre 2017","format":false,"excerpt":"\u00a0 F\u00eate du Sapin 2017 F\u00eate de Cressy 2017 Matin\u00e9e de Nettoyage 2017 Vide Grenier 2017","rel":"","context":"Article similaire","block_context":{"text":"Article similaire","link":""},"img":{"alt_text":"","src":"","width":0,"height":0},"classes":[]},{"id":53,"url":"https:\/\/cressy.ch\/index.php\/historique\/2016-2\/vide-crenier-de-cressy-2016\/","url_meta":{"origin":727,"position":5},"title":"vide crenier de Cressy 2016","author":"chperetti","date":"11 mai 2016","format":false,"excerpt":"Les fourmis orange se sont d\u00e9men\u00e9es comme de beaux diables, pour transformer le vide-grenier 2016 en une belle r\u00e9ussite. Les t\u00e2ches ont \u00e9t\u00e9 multiples et vari\u00e9es, depuis plusieurs mois d\u00e9j\u00e0, entre passer la commande du mat\u00e9riel (tables, bancs, retricycles, panneaux d\u2019affichage et vaisselle compostable), faire la demande des locaux (pr\u00e9au,\u2026","rel":"","context":"Article similaire","block_context":{"text":"Article similaire","link":""},"img":{"alt_text":"","src":"","width":0,"height":0},"classes":[]}],"_links":{"self":[{"href":"https:\/\/cressy.ch\/index.php\/wp-json\/wp\/v2\/pages\/727"}],"collection":[{"href":"https:\/\/cressy.ch\/index.php\/wp-json\/wp\/v2\/pages"}],"about":[{"href":"https:\/\/cressy.ch\/index.php\/wp-json\/wp\/v2\/types\/page"}],"author":[{"embeddable":true,"href":"https:\/\/cressy.ch\/index.php\/wp-json\/wp\/v2\/users\/5"}],"replies":[{"embeddable":true,"href":"https:\/\/cressy.ch\/index.php\/wp-json\/wp\/v2\/comments?post=727"}],"version-history":[{"count":8,"href":"https:\/\/cressy.ch\/index.php\/wp-json\/wp\/v2\/pages\/727\/revisions"}],"predecessor-version":[{"id":937,"href":"https:\/\/cressy.ch\/index.php\/wp-json\/wp\/v2\/pages\/727\/revisions\/937"}],"wp:attachment":[{"href":"https:\/\/cressy.ch\/index.php\/wp-json\/wp\/v2\/media?parent=727"}],"curies":[{"name":"wp","href":"https:\/\/api.w.org\/{rel}","templated":true}]}}

<div class="wpcf7 no-js" id="wpcf7-f722-o1" lang="fr-FR" dir="ltr">
<div class="screen-reader-response"><p role="status" aria-live="polite" aria-atomic="true"></p> <ul></ul></div>
<form action="/index.php/wp-json/wp/v2/pages/727#wpcf7-f722-o1" method="post" class="wpcf7-form init" aria-label="Formulaire de contact" novalidate="novalidate" data-status="init">
<div style="display: none;">
<input type="hidden" name="_wpcf7" value="722" />
<input type="hidden" name="_wpcf7_version" value="5.9.8" />
<input type="hidden" name="_wpcf7_locale" value="fr_FR" />
<input type="hidden" name="_wpcf7_unit_tag" value="wpcf7-f722-o1" />
<input type="hidden" name="_wpcf7_container_post" value="0" />
<input type="hidden" name="_wpcf7_posted_data_hash" value="" />
</div>
<p>Le Vide-Greniers de Cressy aura lieu le DIMANCHE 5 MAI 2024 de 9h30 à 17h30<br />
Vous trouverez sur place petites restaurations et rafraîchissements.
</p>
<p>L'inscription faites via notre formulaire de contact et le paiement dans les 5 jours,<br />
vous garantira une table et un banc. En cas de non-paiement<br />
lors du délai invoqué nous remettrons la table et le banc à disposition.
</p>
<p>Le prix :<br />
Pour les membres Chf 20.-- incluant la caution de chf 5.-- pour la table<br />
qui vous sera rendu dès le retour de celle-ci.
</p>
<p>Pour les non-membres Chf 25.-- incluant la caution de chf 5.-- pour la table<br />
qui vous sera rendu dès le retour de celle-ci.
</p>
<p>Vous pourrez venir pour vous installer dès 09h30.
</p>
<p>IBAN CH02 0900 0000 1747 3678 3 ou le compte postal de l’association : 17-473678-3
</p>
<p>https://cressy.ch/wp-content/uploads/2022/03/Affiche-vide-grenier-2022-1.pdf
</p>
<p><label> Votre nom prénom<br />
<span class="wpcf7-form-control-wrap" data-name="your-name"><input size="40" maxlength="400" class="wpcf7-form-control wpcf7-text wpcf7-validates-as-required" aria-required="true" aria-invalid="false" value="" type="text" name="your-name" /></span> </label>
</p>
<p><label> Votre e-mail<br />
<span class="wpcf7-form-control-wrap" data-name="your-email"><input size="40" maxlength="400" class="wpcf7-form-control wpcf7-email wpcf7-validates-as-required wpcf7-text wpcf7-validates-as-email" aria-required="true" aria-invalid="false" value="" type="email" name="your-email" /></span> </label>
</p>
<p><label> Votre téléphone<br />
<span class="wpcf7-form-control-wrap" data-name="tel-31"><input size="40" maxlength="400" class="wpcf7-form-control wpcf7-tel wpcf7-validates-as-required wpcf7-text wpcf7-validates-as-tel" aria-required="true" aria-invalid="false" value="" type="tel" name="tel-31" /></span> </label>
</p>
<p><label> Nombre de table<br />
<span class="wpcf7-form-control-wrap" data-name="number-619"><input class="wpcf7-form-control wpcf7-number wpcf7-validates-as-required wpcf7-validates-as-number" aria-required="true" aria-invalid="false" value="" type="number" name="number-619" /></span> </label>
</p>
<p><label> Votre message (facultatif)<br />
<span class="wpcf7-form-control-wrap" data-name="your-message"><textarea cols="40" rows="10" maxlength="2000" class="wpcf7-form-control wpcf7-textarea" aria-invalid="false" name="your-message"></textarea></span> </label>
</p>
<p><input class="wpcf7-form-control wpcf7-submit has-spinner" type="submit" value="Envoyer" />
</p><div class="wpcf7-response-output" aria-hidden="true"></div>
</form>
</div>




<figure data-carousel-extra='{"blog_id":1,"permalink":"https:\/\/cressy.ch\/index.php\/inscription-vide-greniers-cressy\/"}'  class="wp-block-gallery has-nested-images columns-default is-cropped wp-block-gallery-1 is-layout-flex wp-block-gallery-is-layout-flex">
<figure class="wp-block-image size-full"><img loading="lazy" decoding="async" width="800" height="1132" data-id="934" src="https://i0.wp.com/cressy.ch/wp-content/uploads/2024/03/Vide-grenier-2024_A4-1-pdf.jpg?resize=800%2C1132&#038;ssl=1" alt="" class="wp-image-934" data-recalc-dims="1"/></figure>
</figure>



<p>IBAN CH02 0900 0000 1747 3678 3 ou le compte postal de l’association : 17-473678-3</p>

1 février 2019

Quelle journée ! Le 13 avril, les fourmis orange de l’AHC se sont réveillées sous l’incroyable luminosité provoquée par le soleil matinal. Elles sont soulagées, car elles voyaient déjà le préau couvert de bâches plastiques sous lesquelles les affaires des exposants seraient cachées de la vue des visiteurs à cause…

L'ouverture du "Vide-greniers" de Cressy approche et les fourmis orange de l’AHC sont en pleine ébullition, surtout celle qui s’occupe de la réservation. Entre téléphones et mails, elle en perd son latin ! Elle jongle (une vraie virtuose) avec ces multiples listes : liste d’adresses, liste des membres AHC (car ils ont…

La matinée de nettoyage La fête de Cressy Le vide grenier

Fête du Sapin 2017 Fête de Cressy 2017 Matinée de Nettoyage 2017 Vide Grenier 2017

Les fourmis orange se sont démenées comme de beaux diables, pour transformer le vide-grenier 2016 en une belle réussite. Les tâches ont été multiples et variées, depuis plusieurs mois déjà, entre passer la commande du matériel (tables, bancs, retricycles, panneaux d’affichage et vaisselle compostable), faire la demande des locaux (préau,…
