{"id":459,"date":"2017-11-03T10:44:09","date_gmt":"2017-11-03T09:44:09","guid":{"rendered":"http:\/\/www.cressy.ch\/?page_id=459"},"modified":"2017-11-03T10:44:09","modified_gmt":"2017-11-03T09:44:09","slug":"matinee-de-nettoyage-2017","status":"publish","type":"page","link":"https:\/\/cressy.ch\/index.php\/historique\/2017-2\/matinee-de-nettoyage-2017\/","title":{"rendered":"Matin\u00e9e de Nettoyage 2017"},"content":{"rendered":"<p>Le jour de la F\u00eate des M\u00e8res, le 14 mai, les fourmis orange ont \u00e9t\u00e9 prises de fr\u00e9n\u00e9sie et ont tout mis en place pour la matin\u00e9e nettoyage. Mais qu\u2019est-ce qui leur a pris\u00a0? Elles auraient d\u00fb \u00eatre en train d\u2019appr\u00e9cier un bon petit-d\u00e9jeuner pr\u00e9par\u00e9 par leurs enfants. Mais comme elles sont fut\u00e9es, elles avaient discr\u00e8tement sugg\u00e9r\u00e9 \u00e0 leurs ch\u00e9rubins de les f\u00eater la veille. Elles \u00e9taient donc toutes requinqu\u00e9es par l\u2019amour de leurs petits.<\/p>\n<p>A 10h, les enfants sont arriv\u00e9s en courant accompagn\u00e9s de leurs parents. Certains avaient le sac poubelle qu\u2019une des fourmis avait agraf\u00e9 sur le flyer que les enseignants leur avaient distribu\u00e9. Il y en a quand m\u00eame eu 350. Et les autres qui venaient les mains vides, mais pas pour longtemps. Les fourmis avaient mis des sacs poubelles \u00e0 disposition. Ils se sont rapidement remplis au gr\u00e9 de la ballade dans le quartier.<\/p>\n<p>Comme chaque ann\u00e9e, la prime est revenue aux m\u00e9gots de cigarette et aux crottes de chiens. Malheureusement, cela montre bien que certains fumeurs et propri\u00e9taires de chiens n\u2019ont pas encore pris conscience du risque de pollution. Ceci pour les m\u00e9gots, car ils mettent entre 1 \u00e0 2 ans pour se d\u00e9grader et surtout ils polluent 500 litres d\u2019eau. Quand on sait que l\u2019\u00eatre humain boit 2 litres d\u2019eau par jour, cela revient \u00e0\u00a0 250 jours d\u2019eau pollu\u00e9e ing\u00e9r\u00e9e. Bon ben quand m\u00eame \u00ab\u00a0Maurice, tu pousses le bouchon un peu loin\u00a0\u00bb\u00a0! L\u2019eau est aussi utilis\u00e9e pour les douches, les machines \u00e0 laver\u2026 Donc la pollution a \u00ab\u00a0bon dos\u00a0\u00bb. Malgr\u00e9 cette remarque, c\u2019est ind\u00e9niable, cela pourrait s\u2019am\u00e9liorer. Quant aux crottes de chiens, ils ont le m\u00e9rite de ne polluer que les sens olfactifs des humains et les chaussures de ceux qui marchent dessus. De plus les crottes font de l\u2019engrais.<\/p>\n<p>Les \u00ab\u00a0\u00e9boueurs\u00a0\u00bb ont aussi ramen\u00e9 quelques objets \u00e9tranges\u00a0: un tapis qui avait atterri dans les bois, un parapluie qui avait d\u00e9j\u00e0 bien servi et qui d\u2019ailleurs ne pouvait plus servir tellement il \u00e9tait cass\u00e9, un ballon qui a \u00e9t\u00e9 heureux de pouvoir \u00eatre r\u00e9utilis\u00e9 de suite et une batterie de voiture pour qui le bilan de pollution bat tous les records.<\/p>\n<p>Tout le monde a pu se revigorer avec un croissant, un morceau de cake, une pomme et des boissons.<\/p>\n<p>Puis place nette a \u00e9t\u00e9 faite au bricolage. Un artiste de peinture sur sable est venu pour faire profiter les enfants comme les grands de son art. Les adultes ont cr\u00e9\u00e9 un dessin sur une plaque en bois puis les enfants ont colori\u00e9 ce dessin avec du sable color\u00e9. Ils avaient une large palette de couleurs \u00e0 disposition. Cette activit\u00e9 a \u00e9t\u00e9 tr\u00e8s appr\u00e9ci\u00e9e. C\u2019est magique de voir appara\u00eetre le dessin petit \u00e0 petit. R\u00e9jouissez-vous ce peintre reviendra pour la F\u00eate de Cressy.<\/p>\n<p>Il est midi et c\u2019est l\u2019heure de rentrer manger. Chaque maman repart avec une rose. Eh oui, les fourmis avaient eu envie de mettre la maman en avant\u00a0! Elles repartent donc combl\u00e9es en ce joli jour ensoleill\u00e9 du mois de mai.<\/p>\n<p>A chacun de nous de pr\u00e9server notre quartier, de respecter notre environnement\u00a0en adoptant un comportement responsable au quotidien !<\/p>\n","protected":false},"excerpt":{"rendered":"<p>Le jour de la F\u00eate des M\u00e8res, le 14 mai, les fourmis orange ont \u00e9t\u00e9 prises de fr\u00e9n\u00e9sie et ont tout mis en place pour la matin\u00e9e nettoyage. Mais qu\u2019est-ce qui leur a pris\u00a0? Elles auraient d\u00fb \u00eatre en train d\u2019appr\u00e9cier un bon petit-d\u00e9jeuner pr\u00e9par\u00e9 par leurs enfants. Mais comme \u2026 <a class=\"continue-reading-link\" href=\"https:\/\/cressy.ch\/index.php\/historique\/2017-2\/matinee-de-nettoyage-2017\/\"> Continue reading <span class=\"meta-nav\">&rarr; <\/span><\/a><\/p>\n","protected":false},"author":1,"featured_media":0,"parent":455,"menu_order":0,"comment_status":"closed","ping_status":"closed","template":"","meta":{"jetpack_post_was_ever_published":false,"footnotes":""},"jetpack_sharing_enabled":true,"jetpack_shortlink":"https:\/\/wp.me\/P7Ajlu-7p","jetpack-related-posts":[{"id":380,"url":"https:\/\/cressy.ch\/index.php\/historique\/2016-2\/la-matinee-de-nettoyage-a-eu-lieu\/","url_meta":{"origin":459,"position":0},"title":"La matin\u00e9e de nettoyage a eu lieu","author":"chperetti","date":"1 novembre 2016","format":false,"excerpt":"LA MATINEE NETTOYAGE A EU LIEU Quelle belle matin\u00e9e ! Ceci gr\u00e2ce au magnifique soleil qui a daign\u00e9 pointer ses rayons de chaleur et de lumi\u00e8re et gr\u00e2ce aux habitants venus aider les fourmis \u00e0 rendre leur quartier propre et sans d\u00e9chets. Tous les \u00e2ges ont \u00e9t\u00e9 repr\u00e9sent\u00e9s, il ne\u2026","rel":"","context":"Article similaire","block_context":{"text":"Article similaire","link":""},"img":{"alt_text":"","src":"https:\/\/i0.wp.com\/www.cressy.ch\/wp-content\/uploads\/2016\/06\/JourNet_2016_3-300x200.jpg?resize=350%2C200","width":350,"height":200},"classes":[]},{"id":115,"url":"https:\/\/cressy.ch\/index.php\/historique\/2012-2\/matinee-de-nettoyage-2012\/","url_meta":{"origin":459,"position":1},"title":"matin\u00e9e de nettoyage 2012","author":"chperetti","date":"13 mai 2016","format":false,"excerpt":"Cette ann\u00e9e les fourmis orange de l\u2019AHC ont quand m\u00eame d\u00e9cid\u00e9 d\u2019organiser la matin\u00e9e nettoyage de Cressy malgr\u00e9 un mois de juin bien charg\u00e9 pour elles. Eh oui, elles sont vraiment partout ces petites b\u00eates\u00a0! Elles ont particip\u00e9 \u00e0 la \u00ab\u00a0Rue aux Enfants\u00a0\u00bb \u00e0 Bernex, elles vont encha\u00eener avec la\u2026","rel":"","context":"Article similaire","block_context":{"text":"Article similaire","link":""},"img":{"alt_text":"","src":"","width":0,"height":0},"classes":[]},{"id":93,"url":"https:\/\/cressy.ch\/index.php\/historique\/2014-2\/matinee-de-nettoyage-2014\/","url_meta":{"origin":459,"position":2},"title":"Matin\u00e9e de nettoyage 2014","author":"chperetti","date":"13 mai 2016","format":false,"excerpt":"Le quartier de Cressy s\u2019est r\u00e9veill\u00e9 le dimanche 18 mai sous un magnifique soleil et une absence de bise, ouf\u2026 car cette ann\u00e9e le d\u00e9but du mois de mai a \u00e9t\u00e9 riche en vents. Les fourmis de l\u2019AHC sont pr\u00eates \u00e0 accueillir les habitants pour la matin\u00e9e nettoyage. A 10h,\u2026","rel":"","context":"Article similaire","block_context":{"text":"Article similaire","link":""},"img":{"alt_text":"","src":"","width":0,"height":0},"classes":[]},{"id":101,"url":"https:\/\/cressy.ch\/index.php\/historique\/2013-2\/matinee-de-nettoyage-2013\/","url_meta":{"origin":459,"position":3},"title":"Matin\u00e9e de nettoyage 2013","author":"chperetti","date":"13 mai 2016","format":false,"excerpt":"Il est d\u00e9j\u00e0 fin mai et le printemps peine \u00e0 s\u2019installer en cette ann\u00e9e 2013. \u00a0 Les fourmis ne se sont pas d\u00e9courag\u00e9es pour autant et ont organis\u00e9 la matin\u00e9e nettoyage du quartier de Cressy. Malheureusement le week-end choisi a co\u00efncid\u00e9 avec d\u2019autres activit\u00e9s\u00a0: la course de caisses \u00e0 savon\u2026","rel":"","context":"Article similaire","block_context":{"text":"Article similaire","link":""},"img":{"alt_text":"","src":"","width":0,"height":0},"classes":[]},{"id":97,"url":"https:\/\/cressy.ch\/index.php\/historique\/2013-2\/fete-de-cressy-2013\/","url_meta":{"origin":459,"position":4},"title":"F\u00eate de Cressy 2013","author":"chperetti","date":"13 mai 2016","format":false,"excerpt":"Cette ann\u00e9e la F\u00eate de Cressy s\u2019est d\u00e9roul\u00e9e sous un magnifique soleil d\u2019automne. Les fourmis orange ont eu les antennes creuses lors du choix de la date. \u00a0 La pr\u00e9paration de la f\u00eate a v\u00e9cu quelques petites anicroches qui ont furtivement mis les batteries des fourmis un peu \u00e0 plat.\u2026","rel":"","context":"Article similaire","block_context":{"text":"Article similaire","link":""},"img":{"alt_text":"","src":"","width":0,"height":0},"classes":[]},{"id":103,"url":"https:\/\/cressy.ch\/index.php\/historique\/2013-2\/vide-greniers-2013\/","url_meta":{"origin":459,"position":5},"title":"vide greniers 2013","author":"chperetti","date":"13 mai 2016","format":false,"excerpt":"Quel magnifique vide-grenier\u00a0! Avec ses 157 tables, le quartier de Cressy a \u00e9t\u00e9 envahi par les exposants et les acheteurs le dimanche 21 avril 2013. Le temps a \u00e9t\u00e9 nuageux, le soleil n\u2019a pas daign\u00e9 darder ses rayons lumineux. Mais, heureusement, le vent violent de la veille a disparu et\u2026","rel":"","context":"Article similaire","block_context":{"text":"Article similaire","link":""},"img":{"alt_text":"","src":"","width":0,"height":0},"classes":[]}],"_links":{"self":[{"href":"https:\/\/cressy.ch\/index.php\/wp-json\/wp\/v2\/pages\/459"}],"collection":[{"href":"https:\/\/cressy.ch\/index.php\/wp-json\/wp\/v2\/pages"}],"about":[{"href":"https:\/\/cressy.ch\/index.php\/wp-json\/wp\/v2\/types\/page"}],"author":[{"embeddable":true,"href":"https:\/\/cressy.ch\/index.php\/wp-json\/wp\/v2\/users\/1"}],"replies":[{"embeddable":true,"href":"https:\/\/cressy.ch\/index.php\/wp-json\/wp\/v2\/comments?post=459"}],"version-history":[{"count":1,"href":"https:\/\/cressy.ch\/index.php\/wp-json\/wp\/v2\/pages\/459\/revisions"}],"predecessor-version":[{"id":460,"href":"https:\/\/cressy.ch\/index.php\/wp-json\/wp\/v2\/pages\/459\/revisions\/460"}],"up":[{"embeddable":true,"href":"https:\/\/cressy.ch\/index.php\/wp-json\/wp\/v2\/pages\/455"}],"wp:attachment":[{"href":"https:\/\/cressy.ch\/index.php\/wp-json\/wp\/v2\/media?parent=459"}],"curies":[{"name":"wp","href":"https:\/\/api.w.org\/{rel}","templated":true}]}}