{"id":455,"date":"2017-11-03T10:39:32","date_gmt":"2017-11-03T09:39:32","guid":{"rendered":"http:\/\/www.cressy.ch\/?page_id=455"},"modified":"2019-02-01T08:56:32","modified_gmt":"2019-02-01T07:56:32","slug":"2017-2","status":"publish","type":"page","link":"https:\/\/cressy.ch\/index.php\/historique\/2017-2\/","title":{"rendered":"2017"},"content":{"rendered":"<p>&nbsp;<\/p>\n<p><a href=\"http:\/\/www.cressy.ch\/index.php\/historique\/2017-2\/la-fete-du-sapin-2017-a-eu-lieu\/\">F\u00eate du Sapin 2017<\/a><\/p>\n<p><a href=\"http:\/\/www.cressy.ch\/index.php\/historique\/2017-2\/fete-de-cressy-2017\/\">F\u00eate de Cressy 2017<\/a><\/p>\n<p><a href=\"http:\/\/www.cressy.ch\/index.php\/historique\/2017-2\/matinee-de-nettoyage-2017\/\">Matin\u00e9e de Nettoyage 2017<\/a><\/p>\n<p><a href=\"http:\/\/www.cressy.ch\/index.php\/historique\/2017-2\/vide-grenier-de-cressy-2017\/\">Vide Grenier 2017<\/a><\/p>\n","protected":false},"excerpt":{"rendered":"<p>&nbsp; F\u00eate du Sapin 2017 F\u00eate de Cressy 2017 Matin\u00e9e de Nettoyage 2017 Vide Grenier 2017<\/p>\n","protected":false},"author":1,"featured_media":0,"parent":35,"menu_order":98,"comment_status":"closed","ping_status":"closed","template":"","meta":{"jetpack_post_was_ever_published":false,"footnotes":""},"jetpack_sharing_enabled":true,"jetpack_shortlink":"https:\/\/wp.me\/P7Ajlu-7l","jetpack-related-posts":[{"id":37,"url":"https:\/\/cressy.ch\/index.php\/historique\/2016-2\/","url_meta":{"origin":455,"position":0},"title":"2016","author":"chperetti","date":"11 mai 2016","format":false,"excerpt":"\u00a0 La matin\u00e9e de nettoyage La f\u00eate de Cressy Le vide grenier \u00a0","rel":"","context":"Article similaire","block_context":{"text":"Article similaire","link":""},"img":{"alt_text":"","src":"","width":0,"height":0},"classes":[]},{"id":481,"url":"https:\/\/cressy.ch\/index.php\/historique\/2017-2\/la-fete-du-sapin-2017-a-eu-lieu\/","url_meta":{"origin":455,"position":1},"title":"LA FETE DU SAPIN 2017 A EU LIEU","author":"chperetti","date":"12 d\u00e9cembre 2017","format":false,"excerpt":"La bise a largement souffl\u00e9 et refroidi l\u2019air depuis 2 jours, les fourmis-lutins se sont donc habill\u00e9es en cons\u00e9quence pour venir installer toutes l\u2019infrastructure de la F\u00eate du Sapin ce dimanche 3 d\u00e9cembre. Mais \u00e0 force de porter, installer, r\u00e9fl\u00e9chir, scotcher, d\u00e9corer, accrocher, grimper, se plier et simplement marcher les\u2026","rel":"","context":"Article similaire","block_context":{"text":"Article similaire","link":""},"img":{"alt_text":"","src":"","width":0,"height":0},"classes":[]},{"id":459,"url":"https:\/\/cressy.ch\/index.php\/historique\/2017-2\/matinee-de-nettoyage-2017\/","url_meta":{"origin":455,"position":2},"title":"Matin\u00e9e de Nettoyage 2017","author":"chperetti","date":"3 novembre 2017","format":false,"excerpt":"Le jour de la F\u00eate des M\u00e8res, le 14 mai, les fourmis orange ont \u00e9t\u00e9 prises de fr\u00e9n\u00e9sie et ont tout mis en place pour la matin\u00e9e nettoyage. Mais qu\u2019est-ce qui leur a pris\u00a0? Elles auraient d\u00fb \u00eatre en train d\u2019appr\u00e9cier un bon petit-d\u00e9jeuner pr\u00e9par\u00e9 par leurs enfants. Mais comme\u2026","rel":"","context":"Article similaire","block_context":{"text":"Article similaire","link":""},"img":{"alt_text":"","src":"","width":0,"height":0},"classes":[]},{"id":121,"url":"https:\/\/cressy.ch\/index.php\/historique\/2011-2\/fete-du-sapin-2011\/","url_meta":{"origin":455,"position":3},"title":"F\u00eate du sapin 2011","author":"chperetti","date":"13 mai 2016","format":false,"excerpt":"\u00a0 cliquez\u00a0\u00a0 ici\u00a0\u00a0 pour voir toutes\u00a0les photos\u00a0\u00a0\u00a0\u00a0\u00a0\u00a0\u00a0\u00a0\u00a0\u00a0\u00a0\u00a0\u00a0\u00a0\u00a0\u00a0\u00a0\u00a0\u00a0\u00a0\u00a0\u00a0\u00a0\u00a0\u00a0\u00a0\u00a0\u00a0\u00a0\u00a0\u00a0\u00a0\u00a0\u00a0\u00a0\u00a0\u00a0\u00a0\u00a0\u00a0\u00a0 La F\u00eate du Sapin \u00e0 Cressy Les lutins de l\u2019AHC (association des habitants de Cressy) se sont \u00e9vertu\u00e9s \u00e0 cr\u00e9er une jolie ambiance de pr\u00e9-f\u00eate pour la F\u00eate du Sapin \u00e0 Cressy, le dimanche 18 d\u00e9cembre. Au vu du monde pr\u00e9sent et malgr\u00e9\u2026","rel":"","context":"Article similaire","block_context":{"text":"Article similaire","link":""},"img":{"alt_text":"","src":"","width":0,"height":0},"classes":[]},{"id":920,"url":"https:\/\/cressy.ch\/index.php\/fete-du-sapin\/","url_meta":{"origin":455,"position":4},"title":"F\u00eate du Sapin 2023","author":"Nad\u00e8ge Pittet","date":"2 d\u00e9cembre 2023","format":false,"excerpt":"","rel":"","context":"Article similaire","block_context":{"text":"Article similaire","link":""},"img":{"alt_text":"","src":"https:\/\/i0.wp.com\/cressy.ch\/wp-content\/uploads\/2023\/12\/Affiche-de-la-fete-du-sapin.jpg?resize=350%2C200&ssl=1","width":350,"height":200,"srcset":"https:\/\/i0.wp.com\/cressy.ch\/wp-content\/uploads\/2023\/12\/Affiche-de-la-fete-du-sapin.jpg?resize=350%2C200&ssl=1 1x, https:\/\/i0.wp.com\/cressy.ch\/wp-content\/uploads\/2023\/12\/Affiche-de-la-fete-du-sapin.jpg?resize=525%2C300&ssl=1 1.5x, https:\/\/i0.wp.com\/cressy.ch\/wp-content\/uploads\/2023\/12\/Affiche-de-la-fete-du-sapin.jpg?resize=700%2C400&ssl=1 2x"},"classes":[]},{"id":90,"url":"https:\/\/cressy.ch\/index.php\/historique\/2014-2\/fete-du-sapin-2014\/","url_meta":{"origin":455,"position":5},"title":"F\u00eate du Sapin 2014","author":"chperetti","date":"13 mai 2016","format":false,"excerpt":"Cette ann\u00e9e, les lutins de l\u2019AHC ont organis\u00e9 la F\u00eate du Sapin un peu plus t\u00f4t que d\u2019habitude. Les gens n\u2019\u00e9tant pas encore surcharg\u00e9s d\u2019activit\u00e9s et de stress pour les F\u00eates, ils ont eu le temps de venir partager le vin chaud et la raclette offerts par les lutins. Le\u2026","rel":"","context":"Article similaire","block_context":{"text":"Article similaire","link":""},"img":{"alt_text":"","src":"","width":0,"height":0},"classes":[]}],"_links":{"self":[{"href":"https:\/\/cressy.ch\/index.php\/wp-json\/wp\/v2\/pages\/455"}],"collection":[{"href":"https:\/\/cressy.ch\/index.php\/wp-json\/wp\/v2\/pages"}],"about":[{"href":"https:\/\/cressy.ch\/index.php\/wp-json\/wp\/v2\/types\/page"}],"author":[{"embeddable":true,"href":"https:\/\/cressy.ch\/index.php\/wp-json\/wp\/v2\/users\/1"}],"replies":[{"embeddable":true,"href":"https:\/\/cressy.ch\/index.php\/wp-json\/wp\/v2\/comments?post=455"}],"version-history":[{"count":7,"href":"https:\/\/cressy.ch\/index.php\/wp-json\/wp\/v2\/pages\/455\/revisions"}],"predecessor-version":[{"id":483,"href":"https:\/\/cressy.ch\/index.php\/wp-json\/wp\/v2\/pages\/455\/revisions\/483"}],"up":[{"embeddable":true,"href":"https:\/\/cressy.ch\/index.php\/wp-json\/wp\/v2\/pages\/35"}],"wp:attachment":[{"href":"https:\/\/cressy.ch\/index.php\/wp-json\/wp\/v2\/media?parent=455"}],"curies":[{"name":"wp","href":"https:\/\/api.w.org\/{rel}","templated":true}]}}